, 13, 2131
What are the prime factors of 22537?
31, 727
What are the prime factors of 304368?
2, 3, 17, 373
List the prime factors of 789458.
2, 394729
What are the prime factors of 19393966?
2, 9696983
What are the prime factors of 1038725?
5, 41549
What are the prime factors of 353653?
353653
What are the prime factors of 155348?
2, 71, 547
List the prime factors of 2214635.
5, 37, 11971
What are the prime factors of 16614336?
2, 3, 86533
List the prime factors of 221442.
2, 3, 13, 17, 167
List the prime factors of 485269.
179, 2711
What are the prime factors of 106628?
2, 19, 23, 61
List the prime factors of 244231.
13, 18787
What are the prime factors of 295176?
2, 3, 7, 251
List the prime factors of 131593.
7, 11, 1709
List the prime factors of 498933.
3, 17, 1087
List the prime factors of 1339043.
941, 1423
What are the prime factors of 1136848?
2, 41, 1733
What are the prime factors of 38097280?
2, 5, 13, 19, 241
List the prime factors of 7545323.
1283, 5881
List the prime factors of 29688692.
2, 11, 29, 53, 439
List the prime factors of 995523.
3, 331841
What are the prime factors of 236980?
2, 5, 17, 41
What are the prime factors of 3510478?
2, 19, 92381
What are the prime factors of 672634?
2, 336317
What are the prime factors of 1409454?
2, 3, 43, 607
List the prime factors of 709489.
11, 64499
What are the prime factors of 1072060?
2, 5, 11, 443
What are the prime factors of 2878946?
2, 7, 29, 1013
What are the prime factors of 408950?
2, 5, 8179
List the prime factors of 6500928.
2, 3, 7, 691
What are the prime factors of 496191?
3, 165397
List the prime factors of 12433763.
12433763
What are the prime factors of 205814?
2, 7, 61, 241
What are the prime factors of 29003477?
1303, 22259
List the prime factors of 412719.
3, 137573
List the prime factors of 714738.
2, 3, 139, 857
List the prime factors of 450013.
619, 727
What are the prime factors of 25599988?
2, 149, 42953
What are the prime factors of 101598?
2, 3, 7, 41, 59
What are the prime factors of 1011609?
3, 23, 181
List the prime factors of 26756553.
3, 823, 10837
List the prime factors of 13197451.
73, 347, 521
What are the prime factors of 188888?
2, 7, 3373
List the prime factors of 5973354.
2, 3, 37, 8969
What are the prime factors of 274784?
2, 31, 277
What are the prime factors of 366006?
2, 3, 61001
What are the prime factors of 13657423?
13, 23, 45677
List the prime factors of 1044683.
23, 53, 857
What are the prime factors of 19066?
2, 9533
What are the prime factors of 4065261?
3, 17, 79, 1009
List the prime factors of 34935638.
2, 17467819
What are the prime factors of 20459538?
2, 3, 11, 191, 541
List the prime factors of 1127159.
11, 43, 2383
List the prime factors of 5593925.
5, 223757
What are the prime factors of 10925179?
109, 113, 887
What are the prime factors of 34831?
61, 571
List the prime factors of 1479542.
2, 739771
List the prime factors of 13826713.
31, 193, 2311
What are the prime factors of 7818792?
2, 3, 325783
What are the prime factors of 149641?
151, 991
What are the prime factors of 746409?
3, 59, 4217
List the prime factors of 173859.
3, 7, 17, 487
List the prime factors of 4436428.
2, 281, 3947
List the prime factors of 1378367.
23, 59929
List the prime factors of 291026.
2, 145513
What are the prime factors of 3015773?
31, 97283
List the prime factors of 139103.
113, 1231
What are the prime factors of 923569?
769, 1201
What are the prime factors of 342913?
139, 2467
List the prime factors of 993468.
2, 3, 7, 11827
What are the prime factors of 4068350?
2, 5, 11, 13, 569
List the prime factors of 1695801.
3, 17, 41, 811
List the prime factors of 6022450.
2, 5, 7, 17207
What are the prime factors of 415370?
2, 5, 73, 569
List the prime factors of 652311.
3, 11, 599
What are the prime factors of 746583?
3, 248861
List the prime factors of 3486522.
2, 3, 13, 44699
What are the prime factors of 1224004?
2, 31, 9871
What are the prime factors of 1056239?
37, 28547
List the prime factors of 5421219.
3, 263, 6871
List the prime factors of 411390.
2, 3, 5, 7, 653
List the prime factors of 4048696.
2, 109, 4643
List the prime factors of 439741.
53, 8297
List the prime factors of 167590.
2, 5, 16759
List the prime factors of 2805645.
3, 5, 187043
What are the prime factors of 8241217?
97, 84961
What are the prime factors of 530369?
7, 75767
What are the prime factors of 26407267?
26407267
What are the prime factors of 1170003?
3, 390001
List the prime factors of 270998.
2, 7, 13, 1489
What are the prime factors of 1213607?
1213607
What are the prime factors of 786923?
19, 83, 499
List the prime factors of 10574493.
3, 17, 207343
List the prime factors of 615436.
2, 53, 2903
List the prime factors of 1313772.
2, 3, 109481
List the prime factors of 121247.
7, 17321
List the prime factors of 201553.
11, 73, 251
What are the prime factors of 2918510?
2, 5, 7, 173, 241
List the prime factors of 7446069.
3, 29, 47, 607
What are the prime factors of 3522543?
3, 19, 29, 2131
List the prime factors of 59752.
2, 7, 11, 97
What are the prime factors of 163215?
3, 5, 13, 31
List the prime factors of 29003.
13, 23, 97
What are the prime factors of 99906?
2, 3, 16651
What are the prime factors of 692310?
2, 3, 5, 47, 491
What are the prime factors of 43987?
43987
List the prime factors of 9477786.
2, 3, 1579631
What are the prime factors of 2565037?
151, 16987
List the prime factors of 784780.
2, 5, 39239
List the prime factors of 6255939.
3, 211, 9883
What are the prime factors of 27190461?
3, 9063487
What are the prime factors of 16109873?
13, 109, 11369
What are the prime factors of 314257?
314257
List the prime factors of 10628302.
2, 53, 100267
List the prime factors of 1211790.
2, 3, 5, 31, 1303
What are the prime factors of 345114?
2, 3, 7, 11, 83
List the prime factors of 3273577.
1033, 3169
What are the prime factors of 294360?
2, 3, 5, 11, 223
List the prime factors of 24676541.
2539, 9719
List the prime factors of 287084.
2, 7, 10253
What are the prime factors of 3590721?
3, 398969
List the prime factors of 5898494.
2, 7, 31, 13591
What are the prime factors of 2024607?
3, 13, 51913
List the prime factors of 25172265.
3, 5, 1678151
List the prime factors of 768613.
768613
List the prime factors of 2647133.
2647133
What are the prime factors of 3232950?
2, 3, 5, 7, 3079
List the prime factors of 2971881.
3, 11, 2729
What are the prime factors of 102211?
43, 2377
List the prime factors of 9859483.
9859483
List the prime factors of 421942.
2, 113, 1867
What are the prime factors of 1456662?
2, 3, 17, 14281
What are the prime factors of 616051?
616051
What are the prime factors of 33043?
173, 191
What are the prime factors of 176337?
3, 7, 311
List the prime factors of 3140805.
3, 5, 41, 5107
What are the prime factors of 11248598?
2, 31, 397, 457
List the prime factors of 1672230.
2, 3, 5, 7, 7963
List the prime factors of 2645718.
2, 3, 440953
What are the prime factors of 1888068?
2, 3, 7, 13, 19
List the prime factors of 169500.
2, 3, 5, 113
List the prime factors of 231006.
2, 3, 38501
What are the prime factors of 2711108?
2, 571, 1187
List the prime factors of 7953170.
2, 5, 23, 151, 229
What are the prime factors of 592670?
2, 5, 13, 47, 97
What are the prime factors of 57029?
7, 8147
What are the prime factors of 1722666?
2, 3, 11, 43, 607
What are the prime factors of 4088188?
2, 13, 29, 2711
What are the prime factors of 546596?
2, 136649
List the prime factors of 34030280.
2, 5, 107, 7951
List the prime factors of 958873.
19, 109, 463
What are the prime factors of 3471997?
3471997
List the prime factors of 26334001.
29, 59, 15391
List the prime factors of 994239.
3, 61, 1811
List the prime factors of 22870161.
3, 847043
What are the prime factors of 5122860?
2, 3, 5, 85381
What are the prime factors of 563172?
2, 3, 71, 661
What are the prime factors of 222630?
2, 3, 5, 41, 181
What are the prime factors of 6594234?
2, 3, 317, 3467
List the prime factors of 117507.
3, 13, 23, 131
What are the prime factors of 2963788?
2, 353, 2099
What are the prime factors of 294666?
2, 3, 67, 733
What are the prime factors of 76916?
2, 7, 41, 67
What are the prime factors of 419015?
5, 181, 463
List the prime factors of 846975.
3, 5, 23, 491
What are 